{"id":5348,"date":"2024-06-26T09:57:44","date_gmt":"2024-06-26T14:57:44","guid":{"rendered":"https:\/\/geovisor.yopal.gov.co\/?page_id=5348"},"modified":"2024-06-26T14:05:38","modified_gmt":"2024-06-26T19:05:38","slug":"preguntas-frecuentes-alcaldia","status":"publish","type":"page","link":"https:\/\/geovisor.yopal.gov.co\/index.php\/alcaldiayopal\/preguntas-frecuentes-alcaldia\/","title":{"rendered":"Preguntas Frecuentes &#8211; Alcaldia"},"content":{"rendered":"\t\t<div data-elementor-type=\"wp-page\" data-elementor-id=\"5348\" class=\"elementor elementor-5348\">\n\t\t\t\t\t\t<section class=\"elementor-section elementor-top-section elementor-element elementor-element-64d03614 elementor-section-full_width elementor-hidden-desktop elementor-section-height-default elementor-section-height-default\" data-id=\"64d03614\" data-element_type=\"section\">\n\t\t\t\t\t\t<div class=\"elementor-container elementor-column-gap-default\">\n\t\t\t\t\t<div class=\"elementor-column elementor-col-100 elementor-top-column elementor-element elementor-element-2baf566f ot-flex-column-vertical\" data-id=\"2baf566f\" data-element_type=\"column\">\n\t\t\t<div class=\"elementor-widget-wrap elementor-element-populated\">\n\t\t\t\t\t\t<div class=\"elementor-element elementor-element-e1e0d70 elementor-widget elementor-widget-shortcode\" data-id=\"e1e0d70\" data-element_type=\"widget\" data-widget_type=\"shortcode.default\">\n\t\t\t\t<div class=\"elementor-widget-container\">\n\t\t\t\t\t<div class=\"elementor-shortcode\">\t\t<div data-elementor-type=\"wp-post\" data-elementor-id=\"4885\" class=\"elementor elementor-4885\">\n\t\t\t\t\t\t<header class=\"elementor-section elementor-top-section elementor-element elementor-element-7a55328 elementor-section-full_width elementor-section-content-middle elementor-section-stretched elementor-section-height-default elementor-section-height-default\" data-id=\"7a55328\" data-element_type=\"section\" data-settings=\"{&quot;stretch_section&quot;:&quot;section-stretched&quot;,&quot;background_background&quot;:&quot;classic&quot;}\">\n\t\t\t\t\t\t<div class=\"elementor-container elementor-column-gap-wide\">\n\t\t\t\t\t<div class=\"elementor-column elementor-col-16 elementor-top-column elementor-element elementor-element-5f74ee7 ot-flex-column-vertical\" data-id=\"5f74ee7\" data-element_type=\"column\">\n\t\t\t<div class=\"elementor-widget-wrap elementor-element-populated\">\n\t\t\t\t\t\t<div class=\"elementor-element elementor-element-7f4df6f elementor-widget elementor-widget-ilogo\" data-id=\"7f4df6f\" data-element_type=\"widget\" data-widget_type=\"ilogo.default\">\n\t\t\t\t<div class=\"elementor-widget-container\">\n\t\t\t\t\t\t\r\n\t\t<div class=\"site__logo\">\r\n\t\t\t<a href=\"https:\/\/geovisor.yopal.gov.co\/\">\r\n\t\t\t\t<img decoding=\"async\" width=\"130\" height=\"130\" src=\"https:\/\/geovisor.yopal.gov.co\/wp-content\/uploads\/2021\/09\/HeadEscudo.png\" class=\"\" alt=\"\" \/>\t\t\t\t\t\t\t\t\t\r\n\t\t\t<\/a>\t\t\r\n\t\t<\/div>\r\n\t\t    \r\n\t    \t\t<\/div>\n\t\t\t\t<\/div>\n\t\t\t\t\t<\/div>\n\t\t<\/div>\n\t\t\t\t<div class=\"elementor-column elementor-col-66 elementor-top-column elementor-element elementor-element-c9f4f9d\" data-id=\"c9f4f9d\" data-element_type=\"column\">\n\t\t\t<div class=\"elementor-widget-wrap elementor-element-populated\">\n\t\t\t\t\t\t<div class=\"elementor-element elementor-element-7f88fb5 hfe-nav-menu__align-center hfe-submenu-icon-arrow hfe-submenu-animation-none hfe-link-redirect-child hfe-nav-menu__breakpoint-tablet elementor-widget elementor-widget-navigation-menu\" data-id=\"7f88fb5\" data-element_type=\"widget\" data-settings=\"{&quot;padding_vertical_menu_item&quot;:{&quot;unit&quot;:&quot;px&quot;,&quot;size&quot;:10,&quot;sizes&quot;:[]},&quot;distance_from_menu&quot;:{&quot;unit&quot;:&quot;px&quot;,&quot;size&quot;:0,&quot;sizes&quot;:[]},&quot;distance_from_menu_tablet&quot;:{&quot;unit&quot;:&quot;px&quot;,&quot;size&quot;:10,&quot;sizes&quot;:[]},&quot;distance_from_menu_mobile&quot;:{&quot;unit&quot;:&quot;px&quot;,&quot;size&quot;:25,&quot;sizes&quot;:[]},&quot;toggle_size&quot;:{&quot;unit&quot;:&quot;px&quot;,&quot;size&quot;:30,&quot;sizes&quot;:[]},&quot;toggle_size_tablet&quot;:{&quot;unit&quot;:&quot;px&quot;,&quot;size&quot;:35,&quot;sizes&quot;:[]},&quot;toggle_size_mobile&quot;:{&quot;unit&quot;:&quot;px&quot;,&quot;size&quot;:25,&quot;sizes&quot;:[]},&quot;toggle_border_width_mobile&quot;:{&quot;unit&quot;:&quot;px&quot;,&quot;size&quot;:0,&quot;sizes&quot;:[]},&quot;padding_horizontal_menu_item&quot;:{&quot;unit&quot;:&quot;px&quot;,&quot;size&quot;:15,&quot;sizes&quot;:[]},&quot;padding_horizontal_menu_item_tablet&quot;:{&quot;unit&quot;:&quot;px&quot;,&quot;size&quot;:&quot;&quot;,&quot;sizes&quot;:[]},&quot;padding_horizontal_menu_item_mobile&quot;:{&quot;unit&quot;:&quot;px&quot;,&quot;size&quot;:&quot;&quot;,&quot;sizes&quot;:[]},&quot;padding_vertical_menu_item_tablet&quot;:{&quot;unit&quot;:&quot;px&quot;,&quot;size&quot;:&quot;&quot;,&quot;sizes&quot;:[]},&quot;padding_vertical_menu_item_mobile&quot;:{&quot;unit&quot;:&quot;px&quot;,&quot;size&quot;:&quot;&quot;,&quot;sizes&quot;:[]},&quot;menu_space_between&quot;:{&quot;unit&quot;:&quot;px&quot;,&quot;size&quot;:&quot;&quot;,&quot;sizes&quot;:[]},&quot;menu_space_between_tablet&quot;:{&quot;unit&quot;:&quot;px&quot;,&quot;size&quot;:&quot;&quot;,&quot;sizes&quot;:[]},&quot;menu_space_between_mobile&quot;:{&quot;unit&quot;:&quot;px&quot;,&quot;size&quot;:&quot;&quot;,&quot;sizes&quot;:[]},&quot;menu_row_space&quot;:{&quot;unit&quot;:&quot;px&quot;,&quot;size&quot;:&quot;&quot;,&quot;sizes&quot;:[]},&quot;menu_row_space_tablet&quot;:{&quot;unit&quot;:&quot;px&quot;,&quot;size&quot;:&quot;&quot;,&quot;sizes&quot;:[]},&quot;menu_row_space_mobile&quot;:{&quot;unit&quot;:&quot;px&quot;,&quot;size&quot;:&quot;&quot;,&quot;sizes&quot;:[]},&quot;dropdown_border_radius&quot;:{&quot;unit&quot;:&quot;px&quot;,&quot;top&quot;:&quot;&quot;,&quot;right&quot;:&quot;&quot;,&quot;bottom&quot;:&quot;&quot;,&quot;left&quot;:&quot;&quot;,&quot;isLinked&quot;:true},&quot;dropdown_border_radius_tablet&quot;:{&quot;unit&quot;:&quot;px&quot;,&quot;top&quot;:&quot;&quot;,&quot;right&quot;:&quot;&quot;,&quot;bottom&quot;:&quot;&quot;,&quot;left&quot;:&quot;&quot;,&quot;isLinked&quot;:true},&quot;dropdown_border_radius_mobile&quot;:{&quot;unit&quot;:&quot;px&quot;,&quot;top&quot;:&quot;&quot;,&quot;right&quot;:&quot;&quot;,&quot;bottom&quot;:&quot;&quot;,&quot;left&quot;:&quot;&quot;,&quot;isLinked&quot;:true},&quot;width_dropdown_item&quot;:{&quot;unit&quot;:&quot;px&quot;,&quot;size&quot;:&quot;220&quot;,&quot;sizes&quot;:[]},&quot;width_dropdown_item_tablet&quot;:{&quot;unit&quot;:&quot;px&quot;,&quot;size&quot;:&quot;&quot;,&quot;sizes&quot;:[]},&quot;width_dropdown_item_mobile&quot;:{&quot;unit&quot;:&quot;px&quot;,&quot;size&quot;:&quot;&quot;,&quot;sizes&quot;:[]},&quot;padding_horizontal_dropdown_item&quot;:{&quot;unit&quot;:&quot;px&quot;,&quot;size&quot;:&quot;&quot;,&quot;sizes&quot;:[]},&quot;padding_horizontal_dropdown_item_tablet&quot;:{&quot;unit&quot;:&quot;px&quot;,&quot;size&quot;:&quot;&quot;,&quot;sizes&quot;:[]},&quot;padding_horizontal_dropdown_item_mobile&quot;:{&quot;unit&quot;:&quot;px&quot;,&quot;size&quot;:&quot;&quot;,&quot;sizes&quot;:[]},&quot;padding_vertical_dropdown_item&quot;:{&quot;unit&quot;:&quot;px&quot;,&quot;size&quot;:15,&quot;sizes&quot;:[]},&quot;padding_vertical_dropdown_item_tablet&quot;:{&quot;unit&quot;:&quot;px&quot;,&quot;size&quot;:&quot;&quot;,&quot;sizes&quot;:[]},&quot;padding_vertical_dropdown_item_mobile&quot;:{&quot;unit&quot;:&quot;px&quot;,&quot;size&quot;:&quot;&quot;,&quot;sizes&quot;:[]},&quot;toggle_border_width&quot;:{&quot;unit&quot;:&quot;px&quot;,&quot;size&quot;:&quot;&quot;,&quot;sizes&quot;:[]},&quot;toggle_border_width_tablet&quot;:{&quot;unit&quot;:&quot;px&quot;,&quot;size&quot;:&quot;&quot;,&quot;sizes&quot;:[]},&quot;toggle_border_radius&quot;:{&quot;unit&quot;:&quot;px&quot;,&quot;size&quot;:&quot;&quot;,&quot;sizes&quot;:[]},&quot;toggle_border_radius_tablet&quot;:{&quot;unit&quot;:&quot;px&quot;,&quot;size&quot;:&quot;&quot;,&quot;sizes&quot;:[]},&quot;toggle_border_radius_mobile&quot;:{&quot;unit&quot;:&quot;px&quot;,&quot;size&quot;:&quot;&quot;,&quot;sizes&quot;:[]}}\" data-widget_type=\"navigation-menu.default\">\n\t\t\t\t<div class=\"elementor-widget-container\">\n\t\t\t\t\t\t<div class=\"hfe-nav-menu hfe-layout-horizontal hfe-nav-menu-layout horizontal hfe-pointer__underline hfe-animation__grow\" data-layout=\"horizontal\">\n\t\t\t\t<div role=\"button\" class=\"hfe-nav-menu__toggle elementor-clickable\">\n\t\t\t\t\t<span class=\"screen-reader-text\">Men\u00fa<\/span>\n\t\t\t\t\t<div class=\"hfe-nav-menu-icon\">\n\t\t\t\t\t\t<i aria-hidden=\"true\"  class=\"fas fa-align-justify\"><\/i>\t\t\t\t\t<\/div>\n\t\t\t\t<\/div>\n\t\t\t\t<nav class=\"hfe-nav-menu__layout-horizontal hfe-nav-menu__submenu-arrow\" data-toggle-icon=\"&lt;i aria-hidden=&quot;true&quot; tabindex=&quot;0&quot; class=&quot;fas fa-align-justify&quot;&gt;&lt;\/i&gt;\" data-close-icon=\"&lt;i aria-hidden=&quot;true&quot; tabindex=&quot;0&quot; class=&quot;far fa-window-close&quot;&gt;&lt;\/i&gt;\" data-full-width=\"yes\">\n\t\t\t\t\t<ul id=\"menu-1-7f88fb5\" class=\"hfe-nav-menu\"><li id=\"menu-item-4627\" class=\"menu-item menu-item-type-post_type menu-item-object-page menu-item-home parent hfe-creative-menu\"><a href=\"https:\/\/geovisor.yopal.gov.co\/\" class = \"hfe-menu-item\"><i class=\"_mi _before dashicons dashicons-admin-home\" aria-hidden=\"true\"><\/i><span>Inicio<\/span><\/a><\/li>\n<li id=\"menu-item-4674\" class=\"menu-item menu-item-type-custom menu-item-object-custom parent hfe-creative-menu\"><a href=\"http:\/\/geovisor.yopal.gov.co\/yopal_alcaldia\/build\/login.html\" class = \"hfe-menu-item\">Geovisor<\/a><\/li>\n<li id=\"menu-item-4798\" class=\"menu-item menu-item-type-custom menu-item-object-custom parent hfe-creative-menu\"><a href=\"http:\/\/www.yopal-casanare.gov.co\/\" class = \"hfe-menu-item\">Nuestro Municipio<\/a><\/li>\n<li id=\"menu-item-4673\" class=\"menu-item menu-item-type-custom menu-item-object-custom parent hfe-creative-menu\"><a href=\"http:\/\/geovisor.yopal.gov.co\/yopal_administracion\/admin\/#\" class = \"hfe-menu-item\">Administraci\u00f3n de Usuarios<\/a><\/li>\n<li id=\"menu-item-5353\" class=\"menu-item menu-item-type-post_type menu-item-object-page parent hfe-creative-menu\"><a href=\"https:\/\/geovisor.yopal.gov.co\/index.php\/alcaldiayopal\/preguntas-frecuentes-alcaldia\/\" class = \"hfe-menu-item\">Preguntas Frecuentes<\/a><\/li>\n<li id=\"menu-item-5307\" class=\"menu-item menu-item-type-post_type menu-item-object-page parent hfe-creative-menu\"><a href=\"https:\/\/geovisor.yopal.gov.co\/index.php\/alcaldiayopal\/manuales\/\" class = \"hfe-menu-item\">Manuales Alcaldia<\/a><\/li>\n<\/ul> \n\t\t\t\t<\/nav>\n\t\t\t<\/div>\n\t\t\t\t\t<\/div>\n\t\t\t\t<\/div>\n\t\t\t\t\t<\/div>\n\t\t<\/div>\n\t\t\t\t<div class=\"elementor-column elementor-col-16 elementor-top-column elementor-element elementor-element-1f6f151 ot-flex-column-vertical\" data-id=\"1f6f151\" data-element_type=\"column\">\n\t\t\t<div class=\"elementor-widget-wrap elementor-element-populated\">\n\t\t\t\t\t\t<div class=\"elementor-element elementor-element-a6def3e elementor-widget elementor-widget-ilogo\" data-id=\"a6def3e\" data-element_type=\"widget\" data-widget_type=\"ilogo.default\">\n\t\t\t\t<div class=\"elementor-widget-container\">\n\t\t\t\t\t\t\r\n\t\t<div class=\"site__logo\">\r\n\t\t\t<a href=\"https:\/\/geovisor.yopal.gov.co\/\">\r\n\t\t\t\t<img decoding=\"async\" width=\"347\" height=\"141\" src=\"https:\/\/geovisor.yopal.gov.co\/wp-content\/uploads\/2021\/05\/escudo-yopal_n.png\" class=\"\" alt=\"\" srcset=\"https:\/\/geovisor.yopal.gov.co\/wp-content\/uploads\/2021\/05\/escudo-yopal_n.png 347w, https:\/\/geovisor.yopal.gov.co\/wp-content\/uploads\/2021\/05\/escudo-yopal_n-300x122.png 300w\" sizes=\"(max-width: 347px) 100vw, 347px\" \/>\t\t\t\t\t\t\t\t\t\r\n\t\t\t<\/a>\t\t\r\n\t\t<\/div>\r\n\t\t    \r\n\t    \t\t<\/div>\n\t\t\t\t<\/div>\n\t\t\t\t\t<\/div>\n\t\t<\/div>\n\t\t\t\t\t<\/div>\n\t\t<\/header>\n\t\t\t\t<\/div>\n\t\t<\/div>\n\t\t\t\t<\/div>\n\t\t\t\t<\/div>\n\t\t\t\t\t<\/div>\n\t\t<\/div>\n\t\t\t\t\t<\/div>\n\t\t<\/section>\n\t\t\t\t<div class=\"elementor-section elementor-top-section elementor-element elementor-element-d962659 elementor-section-full_width elementor-section-content-top topbar__off elementor-section-height-default elementor-section-height-default\" data-id=\"d962659\" data-element_type=\"section\">\n\t\t\t\t\t\t<div class=\"elementor-container elementor-column-gap-default\">\n\t\t\t\t\t<div class=\"elementor-column elementor-col-100 elementor-top-column elementor-element elementor-element-c8ea679 ot-flex-column-vertical\" data-id=\"c8ea679\" data-element_type=\"column\">\n\t\t\t<div class=\"elementor-widget-wrap elementor-element-populated\">\n\t\t\t\t\t\t<div class=\"elementor-element elementor-element-11b55a0 elementor-widget elementor-widget-shortcode\" data-id=\"11b55a0\" data-element_type=\"widget\" data-widget_type=\"shortcode.default\">\n\t\t\t\t<div class=\"elementor-widget-container\">\n\t\t\t\t\t<div class=\"elementor-shortcode\"><style>#sp-ea-5214 .spcollapsing { height: 0; overflow: hidden; transition-property: height;transition-duration: 300ms;}.sp-easy-accordion-enabled .eap_section_title_5214, body .eap_section_title_5214 { color: #444; margin-bottom:  30px; }#sp-ea-5214.sp-easy-accordion>.sp-ea-single {margin-bottom: 10px; border: 1px solid #e2e2e2; }#sp-ea-5214.sp-easy-accordion>.sp-ea-single>.ea-header a {color: #444;}#sp-ea-5214.sp-easy-accordion>.sp-ea-single>.sp-collapse>.ea-body {background: #fff; color: #444;}#sp-ea-5214.sp-easy-accordion>.sp-ea-single {background: #eee;}#sp-ea-5214.sp-easy-accordion>.sp-ea-single>.ea-header a .ea-expand-icon { float: left; color: #444;font-size: 16px;}<\/style><h2 class=\"eap_section_title eap_section_title_5214\"> Preguntas Frecuentes <\/h2><div id=\"sp_easy_accordion-1778698708\"><div id=\"sp-ea-5214\" class=\"sp-ea-one sp-easy-accordion\" data-ex-icon=\"minus\" data-col-icon=\"plus\"  data-ea-active=\"ea-click\"  data-ea-mode=\"vertical\" data-preloader=\"\" data-scroll-active-item=\"\" data-offset-to-scroll=\"0\"><div class=\"ea-card ea-expand sp-ea-single\"><h3 class=\"ea-header\"><a class=\"collapsed\" id=\"ea-header-52140\" data-sptoggle=\"spcollapse\" data-sptarget=\"#collapse52140\" aria-controls=\"collapse52140\" href=\"javascript:void(0)\"  aria-expanded=\"true\" tabindex=\"0\"><i class=\"ea-expand-icon ea-icon-expand-minus\"><\/i> \u00bfD\u00f3nde se encuentran las herramientas?<\/a><\/h3><div class=\"sp-collapse spcollapse collapsed show\" id=\"collapse52140\"  role=\"region\" aria-labelledby=\"ea-header-52140\"><div class=\"ea-body\"><p>En la parte inferior al presionar el m\u00e1s se desplegaran todas las herramientas y funcionalidades del geovisor.<\/p>\n<\/div><\/div><\/div><div class=\"ea-card  sp-ea-single\"><h3 class=\"ea-header\"><a class=\"collapsed\" id=\"ea-header-52141\" data-sptoggle=\"spcollapse\" data-sptarget=\"#collapse52141\" aria-controls=\"collapse52141\" href=\"javascript:void(0)\"  aria-expanded=\"false\" tabindex=\"0\"><i class=\"ea-expand-icon ea-icon-expand-plus\"><\/i> \u00bfC\u00f3mo busco mi direcci\u00f3n?<\/a><\/h3><div class=\"sp-collapse spcollapse \" id=\"collapse52141\"  role=\"region\" aria-labelledby=\"ea-header-52141\"><div class=\"ea-body\"><p>Para buscar tu direcci\u00f3n debes tener en cuenta:<br \/>\n1. no necesitas #, -, N\u00b0,<br \/>\n2. las calles tienen como abreviatura C<br \/>\n3. las carreras su abreviatura es K<br \/>\n4. las transversales son T<br \/>\n5. las diagonales son D<\/p>\n<p>Por ejemplo:<br \/>\ncalle 15 # 7-25<br \/>\npara buscarlo seria<br \/>\nC 15 7 25<\/p>\n<p>Carrera 9A N\u00b0 4-32<br \/>\nseria:<br \/>\nK 9A 4 32<\/p>\n<p>Transv. 6 No 6-42<br \/>\nseria:<br \/>\nT 6 6 42<\/p>\n<\/div><\/div><\/div><div class=\"ea-card  sp-ea-single\"><h3 class=\"ea-header\"><a class=\"collapsed\" id=\"ea-header-52142\" data-sptoggle=\"spcollapse\" data-sptarget=\"#collapse52142\" aria-controls=\"collapse52142\" href=\"javascript:void(0)\"  aria-expanded=\"false\" tabindex=\"0\"><i class=\"ea-expand-icon ea-icon-expand-plus\"><\/i> \u00bfC\u00f3mo realizar mediciones en el mapa?<\/a><\/h3><div class=\"sp-collapse spcollapse \" id=\"collapse52142\"  role=\"region\" aria-labelledby=\"ea-header-52142\"><div class=\"ea-body\"><p>En la parte inferior izquierda, hacer click en el bot\u00f3n \"+\"; seleccionar la opci\u00f3n<br \/>\n\"Medir\"; en la parte derecha de la pantalla aparecer\u00e1 una ventana, click en \"Crear nueva medici\u00f3n\", empiece a crear la medici\u00f3n a\u00f1adiendo puntos al mapa.<\/p>\n<\/div><\/div><\/div><div class=\"ea-card  sp-ea-single\"><h3 class=\"ea-header\"><a class=\"collapsed\" id=\"ea-header-52143\" data-sptoggle=\"spcollapse\" data-sptarget=\"#collapse52143\" aria-controls=\"collapse52143\" href=\"javascript:void(0)\"  aria-expanded=\"false\" tabindex=\"0\"><i class=\"ea-expand-icon ea-icon-expand-plus\"><\/i> \u00bfC\u00f3mo visualizar la informaci\u00f3n catastral de varios predios?<\/a><\/h3><div class=\"sp-collapse spcollapse \" id=\"collapse52143\"  role=\"region\" aria-labelledby=\"ea-header-52143\"><div class=\"ea-body\"><p>En la parte inferior izquierda, hacer click en el bot\u00f3n \"+\"; seleccionar la opci\u00f3n<br \/>\n\"Seleccionar\";' en la parte inferior derecha de la pantalla aparecer\u00e1 un conjunto de herramientas, seleccione cualquiera de ellas y empiece a crear puntos en el mapa de acuerdo a los predios que quiera analizar. Una vez haya finalizado presione en el bot\u00f3n \"terminar\". Autom\u00e1ticamente la plataforma arrojar\u00e1 una tabla con los atributos de cada predio seleccionado.<\/p>\n<\/div><\/div><\/div><div class=\"ea-card  sp-ea-single\"><h3 class=\"ea-header\"><a class=\"collapsed\" id=\"ea-header-52144\" data-sptoggle=\"spcollapse\" data-sptarget=\"#collapse52144\" aria-controls=\"collapse52144\" href=\"javascript:void(0)\"  aria-expanded=\"false\" tabindex=\"0\"><i class=\"ea-expand-icon ea-icon-expand-plus\"><\/i> \u00bfC\u00f3mo activar las ortofotos?<\/a><\/h3><div class=\"sp-collapse spcollapse \" id=\"collapse52144\"  role=\"region\" aria-labelledby=\"ea-header-52144\"><div class=\"ea-body\"><p>En la parte superior derecha hacer click en el icono de capas, a continuaci\u00f3n se desglosar\u00e1n las capas que se encuentran cargadas en la plataforma, hacer click en \"Ortofoto\".<\/p>\n<\/div><\/div><\/div><script type=\"application\/ld+json\">\n\t{\n\t  \"@context\": \"https:\/\/schema.org\",\n\t  \"@type\": \"FAQPage\",\n\t  \"mainEntity\": [{\n\t\t\t\"@type\": \"Question\",\n\t\t\t\"name\": \"\u00bfD\u00f3nde se encuentran las herramientas?\",\n\t\t\t\"acceptedAnswer\": {\n\t\t\t  \"@type\": \"Answer\",\n\t\t\t  \"text\": \"En la parte inferior al presionar el m\u00e1s se desplegaran todas las herramientas y funcionalidades del geovisor.\"\n\t\t\t}\n\t\t  },{\n\t\t\t\"@type\": \"Question\",\n\t\t\t\"name\": \"\u00bfC\u00f3mo busco mi direcci\u00f3n?\",\n\t\t\t\"acceptedAnswer\": {\n\t\t\t  \"@type\": \"Answer\",\n\t\t\t  \"text\": \"Para buscar tu direcci\u00f3n debes tener en cuenta:\r\n1. no necesitas #, -, N\u00b0,\r\n2. las calles tienen como abreviatura C\r\n3. las carreras su abreviatura es K\r\n4. las transversales son T\r\n5. las diagonales son D\r\n\r\nPor ejemplo:\r\ncalle 15 # 7-25\r\npara buscarlo seria\r\nC 15 7 25\r\n\r\nCarrera 9A N\u00b0 4-32\r\nseria:\r\nK 9A 4 32\r\n\r\nTransv. 6 No 6-42\r\nseria:\r\nT 6 6 42\"\n\t\t\t}\n\t\t  },{\n\t\t\t\"@type\": \"Question\",\n\t\t\t\"name\": \"\u00bfC\u00f3mo realizar mediciones en el mapa?\",\n\t\t\t\"acceptedAnswer\": {\n\t\t\t  \"@type\": \"Answer\",\n\t\t\t  \"text\": \"En la parte inferior izquierda, hacer click en el bot\u00f3n &quot;+&quot;; seleccionar la opci\u00f3n\r\n&quot;Medir&quot;; en la parte derecha de la pantalla aparecer\u00e1 una ventana, click en &quot;Crear nueva medici\u00f3n&quot;, empiece a crear la medici\u00f3n a\u00f1adiendo puntos al mapa.\"\n\t\t\t}\n\t\t  },{\n\t\t\t\"@type\": \"Question\",\n\t\t\t\"name\": \"\u00bfC\u00f3mo visualizar la informaci\u00f3n catastral de varios predios?\",\n\t\t\t\"acceptedAnswer\": {\n\t\t\t  \"@type\": \"Answer\",\n\t\t\t  \"text\": \"En la parte inferior izquierda, hacer click en el bot\u00f3n &quot;+&quot;; seleccionar la opci\u00f3n\r\n&quot;Seleccionar&quot;;&#039; en la parte inferior derecha de la pantalla aparecer\u00e1 un conjunto de herramientas, seleccione cualquiera de ellas y empiece a crear puntos en el mapa de acuerdo a los predios que quiera analizar. Una vez haya finalizado presione en el bot\u00f3n &quot;terminar&quot;. Autom\u00e1ticamente la plataforma arrojar\u00e1 una tabla con los atributos de cada predio seleccionado.\"\n\t\t\t}\n\t\t  },{\n\t\t\t\"@type\": \"Question\",\n\t\t\t\"name\": \"\u00bfC\u00f3mo activar las ortofotos?\",\n\t\t\t\"acceptedAnswer\": {\n\t\t\t  \"@type\": \"Answer\",\n\t\t\t  \"text\": \"En la parte superior derecha hacer click en el icono de capas, a continuaci\u00f3n se desglosar\u00e1n las capas que se encuentran cargadas en la plataforma, hacer click en &quot;Ortofoto&quot;.\"\n\t\t\t}\n\t\t  }]\n\t}\n\t<\/script><\/div><\/div><\/div>\n\t\t\t\t<\/div>\n\t\t\t\t<\/div>\n\t\t\t\t\t<\/div>\n\t\t<\/div>\n\t\t\t\t\t<\/div>\n\t\t<\/div>\n\t\t\t\t<\/div>\n\t\t","protected":false},"excerpt":{"rendered":"","protected":false},"author":1,"featured_media":0,"parent":4617,"menu_order":0,"comment_status":"closed","ping_status":"closed","template":"","meta":{"footnotes":""},"_links":{"self":[{"href":"https:\/\/geovisor.yopal.gov.co\/index.php\/wp-json\/wp\/v2\/pages\/5348"}],"collection":[{"href":"https:\/\/geovisor.yopal.gov.co\/index.php\/wp-json\/wp\/v2\/pages"}],"about":[{"href":"https:\/\/geovisor.yopal.gov.co\/index.php\/wp-json\/wp\/v2\/types\/page"}],"author":[{"embeddable":true,"href":"https:\/\/geovisor.yopal.gov.co\/index.php\/wp-json\/wp\/v2\/users\/1"}],"replies":[{"embeddable":true,"href":"https:\/\/geovisor.yopal.gov.co\/index.php\/wp-json\/wp\/v2\/comments?post=5348"}],"version-history":[{"count":34,"href":"https:\/\/geovisor.yopal.gov.co\/index.php\/wp-json\/wp\/v2\/pages\/5348\/revisions"}],"predecessor-version":[{"id":5410,"href":"https:\/\/geovisor.yopal.gov.co\/index.php\/wp-json\/wp\/v2\/pages\/5348\/revisions\/5410"}],"up":[{"embeddable":true,"href":"https:\/\/geovisor.yopal.gov.co\/index.php\/wp-json\/wp\/v2\/pages\/4617"}],"wp:attachment":[{"href":"https:\/\/geovisor.yopal.gov.co\/index.php\/wp-json\/wp\/v2\/media?parent=5348"}],"curies":[{"name":"wp","href":"https:\/\/api.w.org\/{rel}","templated":true}]}}